- 9*p + 7. Let a be l(-5). What is the tens digit of d(a)?
1
Suppose -2*q - 3*i = -96, 2*q = i - 0*i + 96. What is the units digit of q?
8
Let f(y) = y**2 - 13*y + 2. What is the units digit of f(13)?
2
Let k(v) = -2*v + 6. Let d be k(4). Let b be 2/((-1)/9*d). Suppose -b = -3*h - 0. What is the units digit of h?
3
Suppose -24 = -2*q - x, 0 = -q + 6*q + 3*x - 62. What is the tens digit of q?
1
Suppose -k - 2*v = 3, 0 = -3*k - k - 2*v. What is the units digit of k?
1
Let t = 21 + -10. Let y = t + -7. What is the units digit of y?
4
Let o be (-2)/(-1) + (-5)/5. What is the units digit of -2 + 8/2 + o?
3
Suppose 7*w - 6 = 5*w. Let x = -5 + 10. Let r = w + x. What is the units digit of r?
8
Let r(t) = 2 + 0 + 1 + 2*t**2. What is the units digit of r(4)?
5
Let f = -277 - -426. What is the units digit of f?
9
Let p(b) = -11*b - 2*b**3 - b**3 + 22 - 9 - 12*b**2 + 2*b**3. What is the units digit of p(-11)?
3
What is the units digit of (-4 - (-18 + -2))*6?
6
Let t(i) = -3 + 11*i**2 - i**2 - 4*i - 3*i**2 - i**3. Let u(q) = -q**2 + 9*q - 2. Let x be u(8). What is the units digit of t(x)?
9
Let h be (1/1)/((-1)/(-2)). Suppose -7*z + 6 = -4*z. Suppose -2 + 3 = 3*s - z*v, -23 = -5*s - h*v. What is the units digit of s?
3
Suppose 0 = -2*d - 5*x + 503, -5*x + 4*x - 729 = -3*d. What is the hundreds digit of d?
2
Let l(x) be the third derivative of 2*x**5/15 - x**3/6 - 2*x**2. Let d be l(-1). Suppose -23 = -4*h - d. What is the units digit of h?
4
Let z = 14 + -9. Suppose 0 = -2*r + z*r + 6. What is the units digit of r/(-11) + 516/66?
8
What is the units digit of (3 + -1)/((-4)/(-780)*5)?
8
Suppose -3*g = -15, -3*d - 3*g - 105 = 2*d. What is the tens digit of (-6)/d - (-59)/4?
1
Suppose -3*y = -6*y. Let c be 1 - 1 - (y + -3). Suppose -2*z + 8 = c*h, 3*h + 3*z = -z + 10. What is the units digit of h?
2
Let g(d) = d**2 + d - 1. Let t(o) = -5*o**2 - 13*o + 10. Let z(m) = -6*g(m) - t(m). What is the units digit of z(4)?
8
Suppose -5*z = 5*w + 10, z = -0*z + 2*w + 10. Suppose -z*c + 3 = -3. Suppose -3*s = -m, c*s - 5*m + 11 = -s. What is the units digit of s?
1
Let i(f) = -2*f**3 - 16*f**2 - 12*f - 11. Let t(u) = u**3 + 8*u**2 + 6*u + 6. Let a(b) = -3*i(b) - 5*t(b). What is the tens digit of a(-7)?
1
Let i(r) = 2*r - 1. Let x(p) = 6*p - 3. Let h(b) = 11*i(b) - 4*x(b). Let t be h(-1). Suppose -1 = 3*o - 16, -2*u - t*o = -47. What is the units digit of u?
6
Let j = 29 + 0. What is the tens digit of j?
2
Let t be (-14)/(-6) - (-10)/(-30). Suppose t*i + 4*j = 28, 5*i - 27 = -2*j + 83. What is the tens digit of i?
2
Let q = 44 + -21. What is the units digit of q?
3
Let g = 3 - -1. Suppose 0 = m + 2*l - 1, g*l = 2 - 18. What is the units digit of m?
9
Suppose -3*v + 2*v = 3*n + 16, -2*v + 4*n + 18 = 0. Let c(u) = -10*u. Let i be c(v). Let l = i + -7. What is the units digit of l?
3
Let r(k) = k**3 - 2*k**2 - 6*k + 4. Let f be r(4). Suppose -f = -5*v - 3*g, -5*v - 11 = -5*g - 31. Suppose 27 = 6*c - v*c. What is the units digit of c?
9
Let q(c) = 2 - 6*c + 10*c + c - 12. What is the tens digit of q(7)?
2
Let p(f) = 16*f**2 + 13*f + 3. What is the units digit of p(-5)?
8
Let j(o) = 29*o**2 - o. Let s be j(1). Let a be -3*(s/(-6) - 0). What is the units digit of a + 2/(-2) + 0?
3
Suppose -7*w + 2*w = -160. What is the tens digit of w?
3
Suppose -5*u = 2*z - 0*z - 61, 4*z - u - 177 = 0. What is the units digit of z?
3
Suppose 0 = 5*h + m - 498, 0 = -3*h + 4*h - m - 96. What is the units digit of h?
9
Suppose -4*q = 2 + 22. What is the units digit of (-4)/q*9*4?
4
What is the units digit of ((-2)/5)/((-5)/1275)?
2
Let i(j) = j**2 + 4*j + 3. Let v(m) = m**3 + 8*m**2 + 6*m - 9. Let d be v(-7). Let q be i(d). Let a = 6 + q. What is the units digit of a?
5
Suppose 342 - 90 = 6*f. What is the tens digit of f?
4
Let s be 2 - 2 - (-10)/2. Suppose 0*i - 170 = -s*i. What is the units digit of i?
4
Let b be (-138)/(-4) + (-15)/(-10). What is the tens digit of -3*6*(-56)/b?
2
Suppose 0 = 2*n + 3*j - 146, -5*n + 4*j = -263 - 79. What is the units digit of n?
0
Suppose 449 = 5*p - o, 5*o - 138 = -3*p + 137. What is the tens digit of p?
9
Let m(o) = -o + 9. What is the units digit of m(6)?
3
Let i = -9 + 79. What is the tens digit of i?
7
Let o(l) = 2*l - 9. Let m be o(6). Suppose 3 = -m*a - 0*a. Let d = 2 + a. What is the units digit of d?
1
Let l(b) = -b**3 + 7*b**2 - b + 10. Let s be l(7). Suppose -q + 82 = 2*k + s*q, -91 = -3*k + 2*q. What is the tens digit of k?
3
Suppose 2 = 2*s - s. What is the tens digit of 510/45 - s/(-3)?
1
Suppose -150 = c - 6*c. Suppose 0 = t + 3 - c. What is the units digit of t?
7
Suppose -2*k + 4*o + 490 = 0, -3*k - 2*o + 730 = -7*o. What is the tens digit of k?
3
Let j = -2 + 1. Suppose 2*d - 2 = 0, -4*n - 6*d - 27 = -d. Let q = j - n. What is the units digit of q?
7
Let c be (3/6*0)/2. Suppose 5*l - 4*a - 7 = c, 4 = 2*a - 0*a. What is the units digit of l?
3
Let g = -2 - -5. Suppose 0 = -r - g*i + 7, -2*i + 18 + 0 = 4*r. What is the units digit of r?
4
Suppose -r = -136 - 9. What is the tens digit of r?
4
Let v(y) = -36*y - 15. What is the tens digit of v(-7)?
3
Suppose -5*s - 5 + 130 = 5*h, s = -3*h + 25. Suppose 0 = 2*v + 3*v - s. Suppose -o = v*j + 18, 5*o - 33 - 27 = 5*j. What is the units digit of o?
7
Let t = -37 + 57. Let o be (-4)/t + 91/5. Let n = o - 13. What is the units digit of n?
5
Let d = -30 - -24. What is the units digit of d/(-10) - 546/(-15)?
7
Let z be 0*(0 + 3)/3. What is the units digit of z + -3 + 5 - -1?
3
Suppose 4*s = 2*p - 26, -7 = 2*s - 4*p + 3. Let j = s - -13. What is the units digit of j?
6
Suppose -a = 11 - 67. What is the units digit of a?
6
What is the units digit of 2/4 + -1 - (-190)/4?
7
Let n(j) = -j**3 + 7*j**2 + 13*j + 5. What is the tens digit of n(7)?
9
Let m(s) = -1. Let g(z) = z - 3. Let b(a) = -g(a) + 4*m(a). Let c be b(-3). Suppose 3*j - 16 = -c*i, j - 4*j + 10 = -i. What is the units digit of i?
2
Let p(f) = -f**2 - 9*f + 6. Let g be p(-6). Let s be 0 + (-5)/((-5)/g). Let v = s + -12. What is the units digit of v?
2
Let r(n) = 16*n - 17. What is the units digit of r(20)?
3
Let u = -102 - -55. Let f = u - -70. What is the units digit of (-1)/(2 - f/11)?
1
Let c = -5 + 6. Suppose -2*p + 3*v + 13 = 0, -1 = -4*p - 2*v + c. Suppose -p*t - 9 = -39. What is the units digit of t?
5
Let u(i) = i**2 - 14*i + 15. Let t be u(13). Suppose 0 = -7*h + t*h + 140. What is the tens digit of h?
2
Suppose 0 = f + 4*f + 25. Let g(z) = z**2 + 5*z - 1. Let k be g(f). Let i = 11 - k. What is the units digit of i?
2
Let v(k) = -k**3 + 9*k**2 + 9*k - 15. What is the units digit of v(9)?
6
What is the tens digit of -2*(-4)/(-8)*(-412)/2?
0
Let a be (-117)/(-7) - 4/(-14). Let m = a - -4. Let n = m - 7. What is the tens digit of n?
1
Suppose 4*n + 10 + 34 = 0. Let a = n - -19. What is the units digit of a?
8
Let t(a) be the third derivative of -a**6/120 + 2*a**5/15 + a**4/3 + 13*a**3/6 - 4*a**2. What is the units digit of t(9)?
4
Suppose -2*l + 2 = -0*l. Let k = 5 - l. Suppose -4*f - k = -12. What is the units digit of f?
2
Suppose -3*y = 2*x - 7, 4*y = -x - 0 + 1. What is the units digit of (-1)/y + -2 + 7?
6
Suppose 0 = 5*l - 4*n - 28, l + 5*n = 4*l - 9. What is the units digit of l?
8
Let r = -18 - -26. Suppose -3*j - 3*a = -51, 4*j - r*j = 3*a - 64. What is the units digit of j?
3
Suppose 2*x - 6*x - 6 = j, 0 = 4*j - x - 10. Suppose j*v - 1 = 9. Suppose -39 - 11 = -v*y. What is the tens digit of y?
1
Let q = -5 + 5. Let w = 3 - q. What is the units digit of w?
3
Let j(o) = 24*o**3 + 2*o - 1. Let w = 11 + -10. What is the tens digit of j(w)?
2
Suppose 4*n = -n + t + 552, -4*t = -12. What is the hundreds digit of n?
1
Suppose 4*w = -w + 65. What is the tens digit of w?
1
Suppose 51 = 5*d + 4*h, -5*h + 17 = -3. Suppose 0 = -2*c - d + 75. What is the units digit of c?
4
Let p be 0 + 4/((-4)/(-2)). Suppose 2*k - p*s = 4*k - 10, -4*k + 40 = -s. What is the units digit of k?
9
Let m be (12/(-3) + 1)*3. Let q = m - -15. What is the units digit of q?
6
Let l(k) = -12*k**3 + k. Suppose -5*a = 5*s + 25, -1 = -5*a + 2*s + 2. What is the tens digit of l(a)?
1
Let j(m) = -m - 6. Let y be j(-6). Let v = y - -2. What is the units digit of v?
2
Let t(v) = -v**2 + 11*v - 8. Let i be t(10). Suppose -5*x - 6 = -i*x. What is the units digit of (-1)/(x*